and 15962?
694
What is the greatest common factor of 4560 and 222072?
456
Calculate the highest common factor of 12636 and 1836.
108
What is the highest common divisor of 50 and 1276075?
25
Calculate the highest common divisor of 2491 and 371.
53
What is the highest common divisor of 883 and 88300?
883
What is the highest common factor of 20120 and 31186?
1006
What is the highest common divisor of 87 and 51011?
29
Calculate the greatest common divisor of 49 and 21987.
7
What is the highest common factor of 552336 and 144?
48
What is the greatest common factor of 3222 and 177?
3
Calculate the highest common factor of 538670 and 22.
22
What is the highest common factor of 33127 and 2321?
211
Calculate the greatest common divisor of 1383298 and 14.
14
What is the highest common divisor of 1204 and 2618?
14
Calculate the highest common divisor of 420 and 1521420.
60
Calculate the highest common divisor of 19068 and 2184.
84
What is the highest common divisor of 3887 and 17069?
169
What is the greatest common factor of 625704 and 1674?
186
What is the highest common divisor of 748319 and 33?
11
What is the highest common factor of 406 and 371?
7
Calculate the greatest common divisor of 2378486 and 4818.
1606
What is the greatest common divisor of 13448 and 40?
8
What is the highest common divisor of 46 and 173466?
46
What is the highest common divisor of 487801 and 3846?
641
Calculate the highest common divisor of 34 and 39678.
34
What is the greatest common divisor of 370 and 1230?
10
Calculate the highest common divisor of 14640 and 108.
12
What is the greatest common divisor of 3289 and 4784?
299
Calculate the greatest common divisor of 2288425 and 956.
239
Calculate the greatest common factor of 4998306 and 102.
102
What is the highest common divisor of 71 and 716?
1
Calculate the highest common divisor of 1240 and 1549070.
310
Calculate the greatest common divisor of 30 and 488046.
6
What is the greatest common divisor of 80 and 692180?
20
What is the highest common factor of 1806 and 183288?
42
Calculate the highest common factor of 150731 and 21.
7
What is the greatest common divisor of 2923 and 7289?
37
What is the greatest common factor of 384 and 538224?
48
Calculate the highest common divisor of 142 and 514466.
142
Calculate the highest common factor of 132852 and 30.
6
What is the highest common divisor of 189 and 958257?
27
What is the greatest common divisor of 4433 and 5456?
341
Calculate the greatest common factor of 432 and 360.
72
Calculate the greatest common divisor of 15200 and 228.
76
Calculate the greatest common factor of 125668 and 2136.
356
What is the highest common factor of 20 and 748915?
5
What is the highest common divisor of 100113 and 302?
151
Calculate the highest common divisor of 374327 and 139.
139
Calculate the greatest common divisor of 660 and 18403.
11
Calculate the highest common divisor of 31563 and 7.
7
Calculate the highest common divisor of 72 and 44262.
18
What is the greatest common divisor of 586 and 10?
2
Calculate the greatest common factor of 224 and 32432.
16
What is the highest common factor of 3135 and 62073?
627
Calculate the greatest common factor of 64 and 40768.
64
What is the highest common divisor of 1155 and 57090?
165
What is the greatest common divisor of 18247 and 25443?
257
Calculate the highest common factor of 10943 and 12679.
31
What is the greatest common factor of 4488 and 7062?
66
What is the highest common factor of 180 and 43020?
180
Calculate the greatest common divisor of 2189 and 3184.
199
Calculate the highest common factor of 21 and 15099.
21
Calculate the highest common divisor of 1911 and 3471.
39
Calculate the highest common factor of 1748 and 2806.
46
Calculate the greatest common divisor of 18 and 3117726.
18
Calculate the greatest common divisor of 2990960 and 5.
5
Calculate the highest common divisor of 38493 and 169.
13
Calculate the greatest common factor of 1170 and 78930.
90
What is the highest common divisor of 30 and 160970?
10
What is the highest common divisor of 82732 and 481?
481
Calculate the highest common divisor of 309595 and 3861.
143
Calculate the highest common factor of 2455 and 45.
5
Calculate the greatest common divisor of 10845814 and 14.
14
Calculate the greatest common divisor of 220 and 1473420.
20
What is the greatest common factor of 435 and 705280?
145
What is the highest common factor of 216240 and 13872?
816
Calculate the greatest common divisor of 351 and 1067121.
27
Calculate the highest common factor of 66932 and 232.
116
What is the greatest common divisor of 280 and 1855560?
280
Calculate the greatest common divisor of 114 and 508497.
57
What is the highest common factor of 10541 and 332?
83
Calculate the greatest common divisor of 854900 and 40.
20
What is the highest common factor of 40803 and 2412?
201
Calculate the highest common divisor of 118 and 309750.
118
What is the greatest common factor of 301335 and 30?
15
What is the greatest common divisor of 23 and 758839?
23
Calculate the highest common factor of 15360 and 2410.
10
What is the greatest common divisor of 32076 and 11682?
198
Calculate the highest common divisor of 155953 and 56.
7
What is the highest common divisor of 418 and 533159?
209
What is the greatest common divisor of 32332 and 3068?
236
What is the greatest common factor of 127984 and 1672?
152
What is the greatest common divisor of 1078912 and 640?
128
What is the highest common divisor of 260633 and 526?
263
What is the highest common factor of 54826 and 4164?
694
Calculate the highest common divisor of 157236 and 36.
12
What is the greatest common divisor of 24 and 36976?
8
Calculate the greatest common factor of 3753 and 4293.
27
Calculate the greatest common factor of 23328 and 2025.
81
What is the highest common factor of 4069 and 43507?
313
Calculate the greatest common divisor of 21132 and 504.
36
What is the highest common divisor of 459 and 24?
3
What is the highest common factor of 996 and 1146?
6
What is the greatest common factor of 513 and 541538?
19
What is the highest common factor of 5131 and 20419?
7
Calculate the highest common factor of 612 and 120258.
306
Calculate the highest common factor of 568 and 1588.
4
Calculate the highest common factor of 104 and 158964.
52
What is the greatest common factor of 3 and 3902?
1
What is the highest common divisor of 5488 and 1504?
16
What is the highest common factor of 18954 and 24609?
39
Calculate the greatest common factor of 546 and 140634.
78
Calculate the greatest common divisor of 20564 and 2332.
212
What is the highest common divisor of 1276 and 134270?
58
What is the greatest common divisor of 3441 and 198431?
1147
What is the greatest common divisor of 3612 and 4242?
42
Calculate the greatest common divisor of 73880 and 4.
4
What is the greatest common factor of 113 and 11185192?
113
Calculate the highest common divisor of 132463 and 31.
31
Calculate the greatest common divisor of 846 and 129156.
282
What is the highest common factor of 24 and 79996?
4
Calculate the highest common factor of 118 and 2659779.
59
Calculate the greatest common factor of 3124 and 2272.
284
Calculate the highest common divisor of 630 and 406490.
70
What is the greatest common divisor of 1934 and 4?
2
Calculate the greatest common divisor of 935109 and 63.
63
Calculate the greatest common factor of 2134 and 6208.
194
Calculate the greatest common divisor of 15384 and 672.
24
Calculate the highest common divisor of 207 and 387067.
23
Calculate the greatest common divisor of 207762 and 62.
62
Calculate the greatest common factor of 116400 and 15.
15
What is the greatest common factor of 60 and 136780?
20
Calculate the highest common divisor of 19 and 46398.
19
What is the highest common divisor of 5982 and 522?
6
What is the greatest common divisor of 35 and 567?
7
Calculate the greatest common factor of 8 and 2983088.
8
Calculate the highest common factor of 1900 and 83700.
100
Calculate the highest common factor of 21839388 and 41.
41
What is the highest common divisor of 1017 and 207?
9
Calculate the highest common divisor of 1900 and 129700.
100
What is the highest common factor of 42717 and 290?
29
Calculate the highest common factor of 70288 and 736.
3